 What is b(3)?
13
Let o(p) = -5*p + 32. Determine o(6).
2
Let s(f) = 3*f**2 - 27*f - 94. Determine s(-3).
14
Let d(y) = -y**3 + 12*y**2 + 15*y - 43. Determine d(13).
-17
Let n(q) = -q**3 - 7*q**2 + 3*q - 2. What is n(-8)?
38
Let a(z) = 6*z. What is a(-3)?
-18
Let y(w) = -w**2 - 11*w - 11. Calculate y(-10).
-1
Let x(i) = -i**3 - 10*i**2 - 3*i - 17. Determine x(-10).
13
Let m(k) = -2*k**2 - 7*k. Give m(-3).
3
Let u(a) = 15*a - 3. Determine u(1).
12
Let s(k) = 2*k**2 + 6*k + 4. Determine s(-4).
12
Let t(y) = -2*y**3 + 35*y**2 - 16*y - 23. Determine t(17).
-6
Let j(b) = b**2 + 26*b + 69. Determine j(-23).
0
Let p(r) = 3*r**2 + r + 1. Calculate p(0).
1
Let d(p) = p**3 + 13*p**2 - 38*p - 10. What is d(-16)?
-170
Let s(o) = -o**2 - 26*o - 57. Determine s(-24).
-9
Let l(o) = -23*o**3 - o**2 - 2*o. What is l(-1)?
24
Let h(n) = n**3 + 6*n**2 + 2*n + 12. Determine h(-6).
0
Let c(j) = j**3 + 7*j**2 + 12*j + 10. Calculate c(-5).
0
Let g(l) = 2*l**2 - l + 1. Determine g(8).
121
Let u(y) = y**3 - 5*y**2 - 17*y + 3. What is u(-3)?
-18
Let y(i) = -8*i + 1. Determine y(1).
-7
Let f(d) = d**2 + 5*d - 16. Determine f(-7).
-2
Let g(u) = -11*u + 5. Give g(5).
-50
Let b(z) = -z**2 + 30*z - 95. What is b(26)?
9
Let y(m) = 4*m**2 + 3*m. Give y(-2).
10
Let c(x) = x**2 - 21. Give c(-4).
-5
Let z(u) = -3*u**2 + 28*u + 87. What is z(12)?
-9
Let j(y) = y**3 - y**2 - y - 15. What is j(0)?
-15
Let b(x) = -x**3 - x**2 + 2*x + 7. Determine b(0).
7
Let x(z) = -z**3 - z**2 + 3*z + 1. Determine x(-3).
10
Let c(f) = -f. What is c(-4)?
4
Let h(k) = -12*k**2 + k - 4. Calculate h(2).
-50
Let s(a) = -a**3 - 8*a**2 - 5*a + 8. Determine s(-8).
48
Let f(x) = x**2 + 15*x + 46. Determine f(-9).
-8
Let p(x) = 5*x + 2. Calculate p(1).
7
Let v(l) = -l**3 - 5*l**2 + 10*l + 7. What is v(-7)?
35
Let h(m) = 2*m**3 + 8*m**2 - 4*m - 5. Give h(-6).
-125
Let w(p) = -p**3 - 4*p**2 + 7*p + 4. Determine w(-5).
-6
Let c(z) = -61*z - 10. What is c(-1)?
51
Let b(z) = 6*z - 2. Determine b(1).
4
Let u(r) = r**3 - 4*r**2 + 2*r - 3. Determine u(3).
-6
Let f(d) = -d**3 + 8*d**2 - 7*d + 2. Determine f(7).
2
Let s(t) = -t**3 + 7*t**2 - 4*t + 1. Determine s(7).
-27
Let s(b) = -b**2 + 18*b - 30. What is s(15)?
15
Let y(j) = j**3 + 10*j**2 - 25*j + 2. Calculate y(-12).
14
Let z(r) = -2*r**3 + 7*r**2 + 11*r - 3. What is z(5)?
-23
Let p(n) = n**3 + 14*n**2 - 14. Give p(-14).
-14
Let s(n) = n**3 - 7*n**2 + 17*n - 12. Calculate s(3).
3
Let o(h) = -h**3 + 40*h**2 - 353*h + 58. Calculate o(27).
4
Let f(m) = 5*m. Calculate f(0).
0
Let b(r) = -r**3 - 4*r**2 - r + 2. Determine b(-4).
6
Let k(h) = -6*h - 37. Calculate k(-7).
5
Let d(k) = 30*k - 415. Calculate d(14).
5
Let p(v) = -6*v - 58. What is p(-9)?
-4
Let h(q) = 2*q**2 + 16*q - 9. What is h(-8)?
-9
Let w(x) = x**2 - 22*x - 23. What is w(19)?
-80
Let j(l) = -l**3 + 13*l**2 - 10*l - 5. Give j(12).
19
Let v(z) = 5*z**2 - 116*z + 18. Calculate v(23).
-5
Let l(f) = -f**2 + 19*f - 23. Give l(16).
25
Let q(s) = -2*s**3 + 5*s**2 - s + 5. Calculate q(3).
-7
Let i(f) = f**2 - 6. Determine i(-3).
3
Let v(x) = -61*x + 192. What is v(3)?
9
Let c(w) = w**2 - 3. Give c(-3).
6
Let c(t) = -5*t**2 + 16*t - 2. Give c(3).
1
Let h(y) = 9*y**2 + 1. Determine h(-1).
10
Let o(a) = -4*a + 21. What is o(5)?
1
Let g(p) = p**2 + 12*p - 17. Give g(-13).
-4
Let o(v) = 18*v**3 + v**2 - v - 1. Calculate o(-2).
-139
Let s(r) = -r**2 - r + 1. Determine s(0).
1
Let f(o) = 3*o + 3. Calculate f(-5).
-12
Let o(f) = 2*f**2 + 23*f + 10. Determine o(-10).
-20
Let j(u) = -2*u + 6. What is j(5)?
-4
Let y(m) = 5*m**2 + 6*m + 12. Give y(-3).
39
Let o(z) = -6*z + 70. Determine o(24).
-74
Let o(k) = k**2 + 13*k + 22. Calculate o(-12).
10
Let h(v) = v**3 + 2*v**2 + v + 7. Calculate h(-4).
-29
Let m(k) = -7*k**2 + 8*k - 7. Give m(2).
-19
Let p(a) = -a**2 - 11*a - 3. Give p(-12).
-15
Let w(t) = t**3 - 6*t**2 - 3*t + 5. Give w(7).
33
Let q(d) = 19*d - 82. Calculate q(3).
-25
Let y(m) = -m**3 - 7*m**2 + 10*m - 9. Determine y(-8).
-25
Let v(i) = i**2 - 4*i - 8. Determine v(-2).
4
Let u(v) = -177*v**3 + v + 2. Determine u(-1).
178
Let s(y) = y**3 - 5*y**2 - 10*y + 3. What is s(7)?
31
Let c(b) = -b**3 + 13*b**2 - b + 11. What is c(13)?
-2
Let z(l) = -l**2 - 6*l - 11. What is z(-5)?
-6
Let a(p) = p - 7. Determine a(-12).
-19
Let n(o) = -o**2 - 5*o + 31. Give n(-10).
-19
Let x(g) = g**2 + 7*g - 9. Calculate x(-7).
-9
Let t(l) = l**3 - 6*l**2 + 2*l + 9. Calculate t(3).
-12
Let b(d) = d**2 + 2*d - 3. Calculate b(-10).
77
Let c(b) = b**3 - 7*b**2 + 18*b - 25. Determine c(3).
-7
Let f(r) = -19*r + 87. Calculate f(6).
-27
Let w(n) = 27*n + 1. Determine w(-1).
-26
Let y(o) = -o**3 - 5*o**2 + 13*o + 46. What is y(-6)?
4
Let h(d) = -d**3 - 3*d**2 + 2*d + 2. Give h(-3).
-4
Let a(i) = -13*i + 151. Give a(10).
21
Let n(y) = -3*y**2 + 9*y + 10. Give n(-5).
-110
Let z(c) = c**3 + 12*c**2 + 10*c - 12. What is z(-11)?
-1
Let v(q) = 3*q**2 - 3*q + 11. Determine v(0).
11
Let z(c) = -6*c - 24. Give z(-5).
6
Let k(u) = u**3 - 8*u**2 + 8*u - 2. Calculate k(6).
-26
Let c(r) = 3*r**2 + r - 3. Determine c(2).
11
Let n(d) = d**3 + 7*d**2 + 4*d + 1. Calculate n(-5).
31
Let l(a) = -4*a**2 - 8*a - 18. What is l(-3)?
-30
Let u(i) = 7*i - 47. Determine u(7).
2
Let r(n) = -2*n**2 + 4*n + 132. What is r(9)?
6
Let x(r) = 18*r + 121. Calculate x(-7).
-5
Let g(m) = -20*m**2. Determine g(1).
-20
Let b(l) = -l - 2. Give b(-10).
8
Let j(c) = c**3 - 11*c**2 - 15*c + 18. Calculate j(12).
-18
Let f(g) = -13*g**3 + 4*g**2 + 4*g. Calculate f(-1).
13
Let o(u) = -4*u + 45. Calculate o(7).
17
Let g(w) = -2*w + 10. What is g(10)?
-10
Let q(v) = -4*v**3 - 4*v**2 + 3*v + 1. Give q(1).
-4
Let l(b) = -b**3 - 12*b**2 - 5*b + 14. What is l(-12)?
74
Let t(o) = -o**2 + 7*o + 9. What is t(6)?
15
Let b(r) = -6*r - 20. What is b(-7)?
22
Let g(y) = -30*y - 151. Determine g(-5).
-1
Let r(u) = u**3 + 8*u**2 + u - 12. Determine r(-7).
30
Let a(d) = -d**3 - 4*d**2 - 3*d - 6. Give a(-4).
6
Let o(l) = -l + 8. Give o(15).
-7
Let u(x) = -x**2 - 19*x - 83. Give u(-14).
-13
Let n(l) = 128*l - 391. What is n(3)?
-7
Let u(i) = -22*i**2 + 5*i + 5. What is u(-1)?
-22
Let f(s) = s**2 + s - 8. Calculate f(-11).
102
Let l(d) = -d**2 - 2*d - 16. Give l(0).
-16
Let a(o) = o**2 + 17*o + 26. What is a(-13)?
-26
Let j(r) = -r**2 + 30*r - 52. What is j(28)?
4
Let u(s) = -s - 9. What is u(-6)?
-3
Let q(z) = z**3 + 11*z**2 - 13*z - 22. What is q(-12)?
-10
Let y(c) = -c**2 - 33*c - 70. Determine y(-32).
-38
Let p(i) = -4*i**3 - i - 1. Calculate p(-1).
4
Let n(x) = -8*x**2 + 3*x + 3. Give n(-1).
-8
Let f(m) = -4*m + 2. What is f(4)?
-14
Let g(l) = l**3 - 9*l**2 - 10*l - 13. Give g(10).
-13
Let r(z) = 2*z**2 - 27*z + 4. What is r(13)?
-9
Let l(d) = 13*d - 1. Give l(2).
25
Let y(w) = 5*w - 26. What is y(8)?
14
Let c(o) = -o**3 + 38*o + 6. Calculate c(-6).
-6
Let q(i) = 2*i**2 + 12*i + 11. Determine q(-5).
1
Let j(t) = -2*t**2 - 35*t - 70. Determine j(-15).
5
Let y(a) = -a**2 - 4*a - 2. Determine y(-6).
-14
Let c(l) = -5*l + 10. Give c(7).
-25
Let n(v) = -v**2 - 24*v - 37. Calculate n(-16).
91
Let o(x) = x**2 - 17*x + 37. Determine o(11).
-29
Let c(v) = v**3 - 3*v**2 + v + 1. Give c(4).
21
Let o(i) = 54*i - 1187. Determine o(22).
1
Let x(w) = w**3 + 6*w**2 + 5*w - 7. Determine x(-5).
-7
Let w(p) = p**2 - 23*p + 91. Calculate w(18).
1
Let r(g) = -g**2 - 3*g + 19. Calculate r(4).
-9
Let f(c) = -3*c - 6. Give f(-4).
6
Let f(m) = -5*m - 39. What is f(-7)?
-4
Let f(y) = -y**2 - 25*y + 160. Calculate f(-30).
10
Let j(a) = -7*a + 4. Determine j(-2).
18
Let r(b) = -51*b + 123. Determine r(2).
21
Let i(s) = -3*s**2 + 31*s - 8. What is i(11)?
-30
Let u(q) = -4*q**2 + 5*q + 5. Give u(3).
-16
Let v(w) = w**3 + 10*w**2 + 4*w - 40. What is v(-9)?
5
Let g(i) = 7*i + 11. What is g(-3)?
-10
Let r(g) = g**2 + 14*g - 21. Determine r(-15).
-6
Let m(o) = -o**3 - 5*o**2 - 5*o - 2. Give m(-4).
2
Let v(f) = -f**3 + 10*f**2 + 2*f - 7. Give v(10).
13
Let n(r) = -5*r + 10. Give n(6).
-20
Let c(h) = h**2 - 22*h + 18. Determine c(15).
-87
Let a(p) = 2*p**3 - 16*p**2 + 9. Give a(8).
9
Let y(g) = g**2 + 4*g + 3. What is y(-1)?
0
Let p(u) = u**3 + 5*u**2 - 13*u - 23. What is p(-7)?
-30
Let g(h) = h**2 + 12*h + 26. What is g(-5)?
-9
Let k(d) = 5*d - 20. Calculate k(3).
-5
Let o(t) = 8*t**2 - 10*t - 4. What is o(1)?
-6
Let x(f) = -f**3 - 3*